2. Let a be r(2). Let v be (6/(-7))/((-15)/a). Let j(h) = 50*h + 17. Is j(v) prime?
False
Suppose -58*o = 34*o - 490636. Is o a composite number?
False
Suppose d - 2*w - 6 = -d, 4*d - 7 = -w. Suppose d*c - 583216 = -14*c. Is c a composite number?
False
Let f(c) = -3*c**3 - 10*c**2 + 2*c + 14. Let w be f(-2). Let d = -8 - 10. Is w/d*(-5 - -2)*-1238 a prime number?
False
Let p be -1 + (-12)/(-10) - 80/400. Suppose -g + 2*w - 5*w + 3005 = 0, p = 3*w + 12. Is g composite?
True
Let a = -119080 + 248777. Is a composite?
True
Let c = 713 + -489. Suppose -18*o + c = -226. Suppose 17*q = o*q - 19160. Is q composite?
True
Let t(o) = 36*o**2 - 5*o - 5. Let d be t(-1). Suppose 0 = 2*g - 5*c + 17 + 19, 3*c - d = 3*g. Is 123 - ((-1)/(-2)*g + 6) a composite number?
True
Suppose -3114 - 109630 = -8*t. Is t prime?
False
Let x = -12070 + 17368. Suppose -26696 = -17*r + x. Is r a prime number?
False
Let c = 148 - 125. Suppose 15*s - c*s = -5696. Is 3/(4/s*6) prime?
True
Let d(p) = 278*p - 1942. Let i be d(7). Suppose 0*g + 2*g - 3882 = 0. Suppose 0 = -4*c + 5*q + 7869, -i*c + 3*c - 4*q = -g. Is c a composite number?
True
Suppose 3*z + 6 - 24 = 0. Suppose -z*v + 1056 = -0*v. Let o = 75 + v. Is o a composite number?
False
Let a(y) = 2313*y - 887. Is a(6) a composite number?
True
Suppose -h = 5*h - 300. Suppose 51*j - 35 = h*j. Let d = 804 - j. Is d a composite number?
False
Let g be (-5 - (-36)/8) + 17/2. Is 1 - g - (-7849 - -53) composite?
False
Suppose -3*d - p = -7, 2*p + 0*p - 6 = -4*d. Suppose d*w - 4 = 0, 27*w - 29*w = -q + 1589. Is q a prime number?
False
Suppose 4*d - 7*d = 3*x - 1139136, -3*x + 1139087 = -4*d. Is x a prime number?
False
Suppose 9*i - 8 = 46. Suppose 1872 - 264 = i*v. Suppose 738 = 2*x + 2*f, -4*f + 89 = x - v. Is x a composite number?
False
Suppose -w - 3*r + 3 = 0, -4*r = 5*w - 6*r - 32. Suppose 0 = -b + 13 - w. Suppose -11*f + b*f = -2068. Is f prime?
False
Let y(n) = n**2 + 28*n + 32. Let p be y(-27). Let q(o) = 2172*o + 113. Is q(p) a prime number?
True
Let s(w) be the second derivative of w**5/20 - w**4 - 13*w**3/6 + 47*w**2/2 + 16*w. Is s(15) composite?
True
Let f be (-1768)/2*(-4 + 1). Let v = -1267 + f. Is v prime?
False
Suppose -157*u - 90449018 = -203*u. Is u a composite number?
True
Let a = -1365 - -384. Let w = a + 1526. Is w a prime number?
False
Let c(d) = d**3 + 4*d**2 - 2*d - 2. Let v be c(-4). Suppose 2*y - v + 0 = 0. Suppose b + y*b = 28. Is b prime?
True
Let v = 228433 - 56874. Is v a prime number?
True
Let a = -261 + 265. Suppose -a*g = -20, 4*x + g - 12434 = x. Is x prime?
False
Let p(o) = -7315*o - 1036. Is p(-5) composite?
True
Let c = -16183 + 35844. Is c composite?
False
Let c(y) = -10797*y + 532. Is c(-21) composite?
True
Suppose -5*y - 56 = 2*u, u = -u - 3*y - 48. Let f be (-6)/u - (-1)/(-3). Suppose f = -n - 5*x + 38, -5*n - x = -2*n - 156. Is n prime?
True
Let s(u) = 14*u - 33. Let x(w) = -w + 25. Suppose -3*k + 9 = 3*f, 3*k - f + 5*f - 12 = 0. Let v be x(k). Is s(v) composite?
False
Let l be (115/(-10))/(5/(-1210)). Let x = l + 3738. Is x prime?
True
Let c(p) = 3648*p - 47. Is c(10) a composite number?
False
Let c(y) = -483*y - 18. Let t(l) = -967*l - 35. Suppose -5*v + 20 = 0, -4*o + 15 = 5*v - 21. Let p(s) = o*t(s) - 9*c(s). Is p(3) a prime number?
True
Let n be 382344/36 - 6/9. Let p = n + 4849. Is p prime?
False
Let c(z) = -z**2 - 4*z + 8. Let a be c(-5). Let y(g) = 16*g**3 + 4*g**2 + g - 1. Let r be y(a). Let s = r - -369. Is s a prime number?
True
Suppose 6 = 2*b, -t + 2*b + 44618 = t. Let j = 21079 + t. Is j composite?
False
Let f be (162/(-2))/(1/(-13)). Suppose 37*t = 26*t - 4461 - 71. Let k = t + f. Is k a prime number?
True
Suppose -v - 15075 - 59809 = -2*u, 0 = -2*u + 2*v + 74890. Is u prime?
False
Let a(l) = -871192*l + 3085. Is a(-1) prime?
True
Suppose 5*i = o + 10, -7*o + 2*i - 4 = -3*o. Suppose o = 5*w + 2*k - 2869, w - 2*k - 572 = -3*k. Let x = w - 166. Is x a composite number?
False
Let m be 1 - 6/4 - (-78057)/(-98). Let w = -175 - m. Is w composite?
True
Let v be (-132)/(-99)*6/4. Suppose -18*p = -v*j - 19*p + 8782, 0 = 4*j + 4*p - 17564. Is j composite?
False
Is 243/27 + (-9)/((-18)/1362860) a composite number?
True
Let n be (-1)/(4/(-9))*(73 - -1875). Suppose -n - 3365 = -4*i - 3*q, 1937 = i + 3*q. Is i a prime number?
False
Suppose 61 + 139 = -4*f. Let s = f + 53. Suppose -s*y + 85 = -272. Is y a composite number?
True
Let l = -204541 + 2019024. Is l prime?
False
Let w(p) = -p**3 - 5*p**2 + 15*p + 10. Let q be w(-7). Suppose -35 = 4*u - 5*b, 5*u + 31 = b + q. Is (-2)/(6734/(-1346) - u) composite?
False
Let x = 8188 - -971. Suppose -2*l - 1428 + x = g, 2*l - 4*g - 7706 = 0. Is l composite?
False
Let o = 437965 - 290148. Is o prime?
False
Let t(m) be the third derivative of -14*m**2 + 1/12*m**5 + 1/6*m**4 + 0*m + 0 + 5/3*m**3. Is t(11) a composite number?
False
Let o(w) = -w**3 + 11*w**2 - 15*w + 19. Let c be o(10). Let d = c + 34. Is -2 + (-6 + d)*-79 a prime number?
False
Let b(s) = -84*s**3 + 66*s**2 + 49*s + 4. Is b(-9) a prime number?
False
Let j(o) = o**2 - o - 2. Let l be j(-2). Suppose l*k = -k - 20, 7 = d - k. Suppose -t = 5*q - 3052, -q - 2*t - 1228 = -d*q. Is q composite?
True
Let y(c) = 10885*c**2 + 112*c - 32. Is y(3) composite?
False
Let f(u) = 3*u**2 - 41*u - 21. Suppose 4*i - 97 = 27. Is f(i) composite?
True
Is 2/(12/33)*(-11 - -4929) prime?
False
Is (-1760)/(-1232)*(-456106)/(-4) a composite number?
True
Suppose 31*k + 52289 = 28*k + 502742. Is k composite?
False
Let u(v) = 44*v**2 - 44*v + 3051. Is u(47) a prime number?
True
Let n = -1044356 + 1942773. Suppose -51*l = -64*l + n. Is l prime?
True
Let a(x) = -28*x**2 - 12*x. Let h be a(-1). Is 92/8*(h + 410) composite?
True
Let v be 13/(-39)*3*-5. Suppose v*c + 1577 = -2*x + 4*x, -c + 3187 = 4*x. Let g = x + -441. Is g composite?
True
Let c = -3856 - -3855. Let q(x) = -2 - 4*x + 2*x + x + 1383*x**2. Is q(c) prime?
False
Let t(f) be the third derivative of -11237*f**6/120 + f**5/60 - f**4/12 - f**3/6 - f**2 - 44*f. Is t(-1) prime?
True
Suppose 95*u - 96*u - 2*m + 18340 = 0, -3*u = m - 55035. Is u composite?
True
Let z(b) = -58*b - 13*b**2 + 35*b**3 - 33 - 34*b**3 + 36*b. Is z(18) a prime number?
False
Suppose 91*a - 87*a - 4*x = 20, 15 = 3*a - 5*x. Suppose 5*i - 87300 = -a*q, -5*i + 87309 = -q + 3*q. Is i prime?
False
Let x(p) = -p**3 + 8*p**2 - 11*p - 9. Let o be x(6). Let w be (-2)/((-3)/(225/(-6))). Is (w/15)/(1*o/603) a prime number?
False
Let v(k) = 62*k**2 + 7*k + 23. Let j be v(-4). Suppose w + i - j = 0, -2*i = 4*w + 676 - 4628. Is w prime?
False
Is (1/(-12))/(78/(-49258872)) prime?
True
Let h(k) = k + 4397. Let d be -2 - (-11)/(55/10). Let o be h(d). Let w = o + -2474. Is w composite?
True
Let m(c) = 2*c**3 - 10*c**2 + 11*c - 10. Let n be m(4). Suppose -5*o + n*f + 1557 = -408, -4*f = 5*o - 1935. Is o a composite number?
True
Suppose -17*t = -199739 - 73587. Is t prime?
False
Let n = 1167 + -802. Let y = n - -134. Is y a prime number?
True
Let t = -2396 - -4935. Let w = t - -2628. Is w prime?
True
Suppose 28164012 + 19716316 = 344*z. Is z a composite number?
False
Let k(v) = -8136*v**3 - 8*v**2 - 10*v - 1. Let f(x) = -x - 3. Let q be f(-2). Is k(q) a composite number?
True
Let w(h) = -108*h - 5. Let g = -45 - -50. Suppose 3*p + 3 + 9 = f, 2*p - g = 5*f. Is w(f) a prime number?
False
Suppose 8*w + w = 1669275. Suppose -24*k = -9*k - w. Is k a prime number?
False
Let c(g) = 32*g**2 + 5*g + 5. Let f be c(-7). Let b be 140/25 - (-3)/(-5). Suppose 5*v - b = 0, -5*r + 3767 - f = -v. Is r prime?
False
Let h(c) = -3*c**3 + 36*c**2 + 5*c - 41. Let l be h(12). Suppose 7*o = -l*o + 501046. Is o a prime number?
False
Let o(d) = -2*d**3 - 2*d**2 + 12*d - 5. Suppose -4*p = -15*p - 132. Is o(p) a composite number?
False
Is (-14 - -23) + -7 + 158025 composite?
True
Suppose 10*f = 575 + 355. Is 651/f - (1 + -4637) prime?
True
Let w be (-5)/20*53 + (-3)/4. Is (12/w)/3 - (-51960)/21 prime?
False
Suppose 2*x + x - 1101 = 2*n, -x - 1113 = 2*n. Let r be (n/6)/5*40. Let h = r + 1449. Is h a composite number?
False
Let i be (51/6 + 2)/((-2)/(-20)). Suppose 103*j - 24 = i*j. Is (-1)/(-6) - 3034/j a prime number?
False
Let c(p) be the second derivative of 46*p**4 + p**2 + 1/6*p**3 + 0 + 3*p. Is c(-1) composite?
True
Suppose -13*i - 108